g be 2*(-24)/15*(-975)/130. Calculate the highest common divisor of g and 12.
12
Let i = -11 - -26. Let y be (54/i)/(6/15). Calculate the highest common factor of y and 45.
9
Let n = 150 + -149. Let m be (5/10)/(n/32). Calculate the greatest common factor of m and 16.
16
Suppose 2*f = 4*f - 28. Suppose f*r - 13*r = 13. Calculate the highest common factor of r and 143.
13
Suppose 5*g = m - 12 - 21, -81 = -5*m + 4*g. Calculate the greatest common divisor of m and 325.
13
Let t be 81/((-1)/(-8)*3 + 0). What is the greatest common factor of t and 48?
24
Let h(o) = 2*o**2 - 26*o - 46. Let a be h(15). Let q(r) = 8*r - 13. Let v be q(6). What is the greatest common divisor of a and v?
7
Let c be (-460)/(-140) + 2/(-7). Suppose -r = 3*n - 25, -5*r + c*n + 55 = -r. Let j be -2*(r + 4)/(-4). Calculate the highest common factor of 25 and j.
5
Let m be (-4 + -1)*(0 + (-14)/5). Let s be 4/m + 476/49. Calculate the highest common divisor of s and 90.
10
Let y(c) = 2*c**2 + 6*c. Let b be y(-4). Calculate the highest common factor of b and 16.
8
Let x(t) = 4*t**2 - t - 2. Let n be x(6). Let y be (-4)/(-10) + (-48)/(-5). Suppose y = -q + 27. Calculate the greatest common divisor of n and q.
17
Let h(l) = l**2 + 14*l + 23. Suppose 14*f - 10*f = -72. Let p be h(f). What is the greatest common divisor of 19 and p?
19
Let l(d) = -d**3 - 11*d**2 - 6*d - 30. Let k be l(-11). Calculate the highest common factor of 276 and k.
12
Let d(i) = -i**3 + 6*i**2 + 6*i + 6. Let b be d(7). Let l be -1 - b - (-7 - -4). Suppose -2*u + 9 = -3. What is the highest common divisor of u and l?
3
Let q be 8 - (7 + -4) - 2. Suppose 0 = q*z + 26 - 74. What is the highest common factor of 144 and z?
16
Let s(t) = t**3 + 12*t**2 - 11*t + 24. Let b be s(-8). Calculate the highest common factor of 115 and b.
23
Let s be (-24)/(-15) - 6/(-15). Suppose 11 = i - 3*j + s*j, 0 = -4*i - 5*j + 71. What is the highest common divisor of i and 28?
14
Let t be 3/((-21)/(-12) - 1). Suppose 2*r + t + 20 = 0. Let w(u) = u**3 + 11*u**2 - 17*u - 6. Let d be w(r). Calculate the greatest common divisor of d and 6.
6
Suppose 214 = 3*r + 8*a - 9*a, 68 = r - 2*a. What is the highest common factor of r and 576?
72
Suppose -3*v - 8*j = -4*j - 34, -4*v + 3*j + 87 = 0. What is the greatest common factor of v and 135?
9
Let q = 114 + 171. What is the greatest common factor of 114 and q?
57
Suppose -12*t + 14*t - 206 = 0. Suppose 9*x = -13 + t. Calculate the highest common divisor of 50 and x.
10
Let l be (-4)/(-40)*196 - (-2)/5. What is the greatest common divisor of l and 140?
20
Let j = -18 - -40. Suppose 22*x - 27*x + 330 = 0. Calculate the greatest common divisor of x and j.
22
Let z be 22/((-286)/(-273))*66/7. What is the greatest common divisor of 12 and z?
6
Let h = 491 + -469. Calculate the greatest common factor of 946 and h.
22
Let w(j) be the third derivative of 3*j**4/4 + 8*j**2. Let o be w(1). Let y be (0 - 6/5)*-5. Calculate the greatest common divisor of y and o.
6
Let v(g) = 85*g**2 - 9*g + 44. Let b be v(4). What is the greatest common divisor of b and 72?
72
Let s(u) = -u**3 + 8*u**2 + 9*u + 1. Let k be s(9). Let g = 17 + k. What is the highest common factor of 9 and g?
9
Suppose -y + r - 19 + 69 = 0, 5*r = -10. What is the greatest common divisor of 816 and y?
48
Suppose -3*t - 64 = t. Let l = t - -20. Suppose r + 4*u = 6, u = -l*u. What is the greatest common divisor of r and 3?
3
Let t(y) = 3*y**2 - 3*y - 12. Let w be t(-8). Let l = w - 141. What is the highest common factor of l and 9?
9
Suppose 0 = -2*u - 4*n + 8, -u - 3*n - 11 = 2*n. Let i be (-3595)/(-45) + (-3)/(-27). Let f = -45 + i. What is the greatest common divisor of u and f?
7
Suppose h = 2*j - 52, -3*h + 78 = 5*j - 41. Calculate the greatest common factor of 125 and j.
25
Let o be ((-30)/(-8))/((-57)/(-152)). Let v(b) = 2*b**2 + 5*b + 8. Let x be v(-6). What is the highest common factor of x and o?
10
Suppose 73*a - 44 = 69*a. Let y(b) = 2*b**2 - b - 4. Let i be y(3). Calculate the highest common factor of a and i.
11
Let s = 55 - 58. Let c be -2*s/24*-4 + 27. Calculate the highest common divisor of c and 13.
13
Suppose 4*j = 3*j + 840. Suppose j = 3*o + 4*o. What is the highest common divisor of 15 and o?
15
Suppose -3*v - 25 + 49 = 0. What is the highest common divisor of v and 588?
4
Let d = -69 + 74. Suppose z = -5*i - 1571, 4*i - 2*z + 1787 = 519. Let q be ((-4)/d)/(9/i). Calculate the highest common factor of q and 14.
14
Let d be 0 - ((-2)/(-10) - (-21)/(-5)). Suppose 0 = 3*x - d*b - 88, -5*b - 11 = 2*x - 3*x. Let i = 26 - 14. Calculate the greatest common factor of i and x.
12
Suppose -49 = -3*p + 2*p. Let m be 24/((-108)/(-9)) + 5. Calculate the greatest common divisor of p and m.
7
Let q(j) = 3*j + 1. Let d be q(1). Suppose 3*h + 2 = 2*z + 34, h = -z + d. What is the greatest common divisor of h and 12?
4
Suppose -2*o + 6 = -2*b, -5*o + 3*b + 17 = -6. Calculate the highest common factor of 77 and o.
7
Let f = -38 - -26. Let u be (-125)/30 + (-2)/f. Let m be 2/u + 17/2. Calculate the highest common factor of 64 and m.
8
Let s = 73 + -71. Suppose -11*l + s*l = -126. Let p = -1 - -15. Calculate the highest common divisor of p and l.
14
Suppose 13*w = -30*w + 20640. Calculate the greatest common divisor of 800 and w.
160
Suppose i + 6 = 10. Suppose -i*q = -14*q + 280. Calculate the highest common factor of 112 and q.
28
Let h be (-5)/(-20) + 33/12. Suppose 78 = 2*w - h*n + 21, -4*w + 120 = -4*n. What is the highest common factor of w and 11?
11
Let c(d) = -d**3 + 16*d**2 + 29*d + 23. Let n be c(18). Let j = 218 + n. Calculate the highest common factor of j and 23.
23
Let a = 56 - 16. Let r be (-3)/(6*(-1)/a). Calculate the highest common factor of r and 70.
10
Suppose z + 26 = -z - 4*p, 3*z - p + 4 = 0. Let v be (-34)/z - 8/(-12). Let j(i) = -i**2 - 13*i. Let r be j(-9). What is the greatest common factor of r and v?
12
Suppose 20*f - 2646 = -f. What is the greatest common factor of f and 70?
14
Let c = -113 + 179. Calculate the highest common factor of c and 6.
6
Let d(o) = 14*o**2 - 6*o + 4. Let m be d(2). What is the highest common factor of m and 64?
16
Let f = -6 - -17. Let z be -6*(-3 + 8/3). Suppose -4*n - h + 134 = 0, 0 = 3*n - z*h - 81 - 14. What is the greatest common divisor of n and f?
11
Suppose 0 = -g - l + 11, -3*g + 4*l + 1 = 3. Let s be (12/40*-5)/(g/(-680)). Calculate the highest common divisor of s and 10.
10
Let o(v) = v**2 + 5*v - 10. Let w be o(-12). Let b = w + -70. Suppose 67 = 5*n - 13. What is the greatest common divisor of n and b?
4
Let j be (6490/15)/(4/6). Calculate the highest common divisor of 177 and j.
59
Let t be ((-3)/(-15))/((-132)/(-660)). Suppose 3*c + c = 8. Suppose 3*y + 17 = 4*h, 0*h - c*h + 3*y + 1 = 0. Calculate the greatest common divisor of h and t.
1
Let b = 78 - 64. Suppose -2 = p - b. What is the highest common factor of 84 and p?
12
Let q(r) = r**3 - 21*r**2 + 28*r + 2. Let j be q(20). What is the greatest common factor of j and 54?
54
Let h(n) = n**3 + 3*n**2 - 4*n - 9. Let m be (-17)/(-34) - (-14)/(-4). Let i be h(m). What is the highest common factor of i and 3?
3
Let d be 9/(0 - 4/12). Let o be d/(-15)*(-80)/(-12). Calculate the highest common factor of o and 96.
12
Let n = -28 + 55. Let p be (-21)/((-10)/36 - (-3)/18). Calculate the highest common factor of p and n.
27
Let j(d) = -2*d**3 - 9*d**2 + 9*d + 10. Let t be j(-6). Calculate the highest common factor of t and 384.
64
Suppose p - 2*k - 11 = 3*k, p - 11 = -k. Suppose 0 = t - 7 - p. Calculate the highest common factor of t and 18.
18
Let k be (1/(-1 - -2))/((-1)/33). Let s = -1 - k. What is the highest common factor of s and 4?
4
Let l(g) = -g**3 + 12*g**2 - 12*g + 14. Suppose 5*m - 2*m = 33. Let d be l(m). Calculate the highest common divisor of 33 and d.
3
Let r be ((3 - 2)*28)/2. Let u(t) = -6*t + 2. Let k be u(-2). What is the greatest common divisor of r and k?
14
Let f be 337/5 - 10/25. Suppose 0 = 14*j - 10*j - 20. Suppose 0 = j*x - f - 8. What is the greatest common factor of 10 and x?
5
Let t(w) = -3*w**3 - 6*w**2 - 2*w. Let n be t(-2). Calculate the highest common factor of n and 15.
1
Let i(d) = -4*d**2 + 3*d + 2*d**3 - 2*d**3 - 7*d - 4 - d**3. Let c be i(-4). Calculate the highest common factor of c a